{"id":435,"date":"2026-01-17T18:32:44","date_gmt":"2026-01-17T21:32:44","guid":{"rendered":"https:\/\/luxurypepperescorts.com\/?page_id=435"},"modified":"2026-01-17T18:34:23","modified_gmt":"2026-01-17T21:34:23","slug":"isencao-de-responsabilidade","status":"publish","type":"page","link":"https:\/\/luxurypepperescorts.com\/?page_id=435","title":{"rendered":"Isen\u00e7\u00e3o de Responsabilidade"},"content":{"rendered":"\t\t<div data-elementor-type=\"wp-page\" data-elementor-id=\"435\" class=\"elementor elementor-435\">\n\t\t\t\t<div class=\"elementor-element elementor-element-7704cad e-flex e-con-boxed e-con e-parent\" data-id=\"7704cad\" data-element_type=\"container\" data-e-type=\"container\">\n\t\t\t\t\t<div class=\"e-con-inner\">\n\t\t\t\t<div class=\"elementor-element elementor-element-0b7329c elementor-widget elementor-widget-text-editor\" data-id=\"0b7329c\" data-element_type=\"widget\" data-e-type=\"widget\" data-widget_type=\"text-editor.default\">\n\t\t\t\t\t\t\t\t\t<p><strong>ISEN\u00c7\u00c3O DE RESPONSABILIDADE<\/strong><\/p><p>O site atua exclusivamente como uma plataforma de divulga\u00e7\u00e3o de an\u00fancios, n\u00e3o sendo respons\u00e1vel pelo conte\u00fado publicado, pela veracidade das informa\u00e7\u00f5es ou por qualquer acordo realizado entre anunciantes e usu\u00e1rios.<br \/>Todos os an\u00fancios s\u00e3o de responsabilidade exclusiva de quem os publica.<br \/>O site n\u00e3o intermedia pagamentos, encontros ou servi\u00e7os, n\u00e3o sendo respons\u00e1vel por danos, preju\u00edzos, perdas financeiras ou qualquer situa\u00e7\u00e3o decorrente do contato entre as partes.<br \/>O acesso e uso do site s\u00e3o de inteira responsabilidade do usu\u00e1rio.<\/p><p><img decoding=\"async\" class=\" wp-image-256 aligncenter\" src=\"https:\/\/luxurypepperescorts.com\/wp-content\/uploads\/2026\/01\/Luxury_Pepper_Escorts-removebg-preview-e1768531235500-300x147.png\" alt=\"\" width=\"127\" height=\"62\" srcset=\"https:\/\/luxurypepperescorts.com\/wp-content\/uploads\/2026\/01\/Luxury_Pepper_Escorts-removebg-preview-e1768531235500-300x147.png 300w, https:\/\/luxurypepperescorts.com\/wp-content\/uploads\/2026\/01\/Luxury_Pepper_Escorts-removebg-preview-e1768531235500.png 483w\" sizes=\"(max-width: 127px) 100vw, 127px\" \/><\/p>\t\t\t\t\t\t\t\t<\/div>\n\t\t\t\t\t<\/div>\n\t\t\t\t<\/div>\n\t\t\t\t<\/div>\n\t\t","protected":false},"excerpt":{"rendered":"<p>ISEN\u00c7\u00c3O DE RESPONSABILIDADE O site atua exclusivamente como uma plataforma de divulga\u00e7\u00e3o de an\u00fancios, n\u00e3o sendo respons\u00e1vel pelo conte\u00fado publicado, [&hellip;]<\/p>\n","protected":false},"author":1,"featured_media":0,"parent":0,"menu_order":0,"comment_status":"closed","ping_status":"closed","template":"","meta":{"site-sidebar-layout":"no-sidebar","site-content-layout":"","ast-site-content-layout":"full-width-container","site-content-style":"default","site-sidebar-style":"default","ast-global-header-display":"","ast-banner-title-visibility":"","ast-main-header-display":"","ast-hfb-above-header-display":"","ast-hfb-below-header-display":"","ast-hfb-mobile-header-display":"","site-post-title":"disabled","ast-breadcrumbs-content":"","ast-featured-img":"disabled","footer-sml-layout":"","ast-disable-related-posts":"","theme-transparent-header-meta":"","adv-header-id-meta":"","stick-header-meta":"","header-above-stick-meta":"","header-main-stick-meta":"","header-below-stick-meta":"","astra-migrate-meta-layouts":"default","ast-page-background-enabled":"default","ast-page-background-meta":{"desktop":{"background-color":"var(--ast-global-color-5)","background-image":"","background-repeat":"repeat","background-position":"center center","background-size":"auto","background-attachment":"scroll","background-type":"","background-media":"","overlay-type":"","overlay-color":"","overlay-opacity":"","overlay-gradient":""},"tablet":{"background-color":"","background-image":"","background-repeat":"repeat","background-position":"center center","background-size":"auto","background-attachment":"scroll","background-type":"","background-media":"","overlay-type":"","overlay-color":"","overlay-opacity":"","overlay-gradient":""},"mobile":{"background-color":"","background-image":"","background-repeat":"repeat","background-position":"center center","background-size":"auto","background-attachment":"scroll","background-type":"","background-media":"","overlay-type":"","overlay-color":"","overlay-opacity":"","overlay-gradient":""}},"ast-content-background-meta":{"desktop":{"background-color":"var(--ast-global-color-4)","background-image":"","background-repeat":"repeat","background-position":"center center","background-size":"auto","background-attachment":"scroll","background-type":"","background-media":"","overlay-type":"","overlay-color":"","overlay-opacity":"","overlay-gradient":""},"tablet":{"background-color":"var(--ast-global-color-4)","background-image":"","background-repeat":"repeat","background-position":"center center","background-size":"auto","background-attachment":"scroll","background-type":"","background-media":"","overlay-type":"","overlay-color":"","overlay-opacity":"","overlay-gradient":""},"mobile":{"background-color":"var(--ast-global-color-4)","background-image":"","background-repeat":"repeat","background-position":"center center","background-size":"auto","background-attachment":"scroll","background-type":"","background-media":"","overlay-type":"","overlay-color":"","overlay-opacity":"","overlay-gradient":""}},"footnotes":""},"class_list":["post-435","page","type-page","status-publish","hentry"],"_links":{"self":[{"href":"https:\/\/luxurypepperescorts.com\/index.php?rest_route=\/wp\/v2\/pages\/435","targetHints":{"allow":["GET"]}}],"collection":[{"href":"https:\/\/luxurypepperescorts.com\/index.php?rest_route=\/wp\/v2\/pages"}],"about":[{"href":"https:\/\/luxurypepperescorts.com\/index.php?rest_route=\/wp\/v2\/types\/page"}],"author":[{"embeddable":true,"href":"https:\/\/luxurypepperescorts.com\/index.php?rest_route=\/wp\/v2\/users\/1"}],"replies":[{"embeddable":true,"href":"https:\/\/luxurypepperescorts.com\/index.php?rest_route=%2Fwp%2Fv2%2Fcomments&post=435"}],"version-history":[{"count":4,"href":"https:\/\/luxurypepperescorts.com\/index.php?rest_route=\/wp\/v2\/pages\/435\/revisions"}],"predecessor-version":[{"id":439,"href":"https:\/\/luxurypepperescorts.com\/index.php?rest_route=\/wp\/v2\/pages\/435\/revisions\/439"}],"wp:attachment":[{"href":"https:\/\/luxurypepperescorts.com\/index.php?rest_route=%2Fwp%2Fv2%2Fmedia&parent=435"}],"curies":[{"name":"wp","href":"https:\/\/api.w.org\/{rel}","templated":true}]}}